n (2*4)/(-4*4/(-48)) is divided by w?
11
Suppose 0 = 2*q - 13 - 7. Suppose 0 = 4*v + q + 42. Let d = 19 + v. What is the remainder when d is divided by 2?
0
Let d(i) = i + 16. Let s be d(0). Let n = s + -10. Calculate the remainder when 17 is divided by n.
5
Suppose -3*o = -2*o. Let t(c) = -c**2 - c + 21. Calculate the remainder when t(o) is divided by 6.
3
Let u be (4 - 5)/((-2)/34). Suppose 7*p - 2*p = -4*h + u, 0 = -p - 3. What is the remainder when 21 is divided by h?
5
Suppose 3*w - 34 = 5*w. Suppose 4*m + 131 - 3 = -5*l, -2*m + 3*l - 64 = 0. Let z = w - m. Calculate the remainder when 43 is divided by z.
13
Let t(r) = -r**3 + 10*r**2 + 12*r + 2. Calculate the remainder when 51 is divided by t(11).
12
Suppose 13*s = 15*s - 8. What is the remainder when 7 is divided by s?
3
Let y = -142 - -249. Let t = y + -58. What is the remainder when t is divided by 25?
24
What is the remainder when (-4)/(-3)*-2*378/(-24) is divided by 12?
6
Suppose r - 4*r = 12. Let h = 12 + r. Calculate the remainder when h is divided by 3.
2
Let g(s) = -3*s - 6. Suppose 0 = -2*k - 2*k + 16. Suppose q - k*q = -21. What is the remainder when q is divided by g(-3)?
1
Suppose 0 + 7 = h. Let y = -3 + h. Calculate the remainder when 2/(-4) + (-45)/(-6) is divided by y.
3
Suppose -3*c = c - 40. What is the remainder when 38 is divided by c?
8
Let l(m) = m**3 - 7*m**2 - 5*m + 2. Let g be l(6). Let z = -38 - g. Calculate the remainder when z is divided by 11 + -2 + -1 + 1.
8
Suppose 0 = -7*s + 2*s + 25. Suppose 7 = s*t - 3. Suppose -2*k = t*k - 68. What is the remainder when k is divided by 9?
8
Suppose 5*w = -10, 2*w = 4*q - w - 30. Let v = -1 + q. Calculate the remainder when 9 is divided by v.
4
Suppose 4 = 3*u - 2*n, -2*u + 3*n + 8 = 2. Suppose -3*o - 110 = -2*a, u*o + 2*o - 252 = -4*a. Calculate the remainder when a is divided by 21.
19
Let j(d) = 6*d. Suppose 4*l - 34 + 14 = 0. Calculate the remainder when j(3) is divided by l.
3
Suppose 24 = -0*u + 3*u. Let g be (-4)/(-18) - 14/(-18). What is the remainder when (-2)/(-2)*15*g is divided by u?
7
Suppose 4*h - 44 = h - 4*l, 0 = h + 3*l - 13. Calculate the remainder when h is divided by 7.
2
Suppose 12 = c - 3*c. Let d be 112/c*12/8. Let g = d + 61. What is the remainder when g is divided by 9?
6
Calculate the remainder when 105 is divided by (18/5)/(4/10) + 3.
9
Let v(t) = 2 + 5*t - 2*t - 4*t + 0*t. Let m be v(-4). Suppose p - 4*k + 67 = m*p, 5*k = 3*p - 18. Calculate the remainder when p is divided by 6.
5
Suppose -3*c + 10 = 1. Suppose 4*a = 4*v + 12, 2*v = 2*a - 6*a. Calculate the remainder when c is divided by a.
0
Let i = -8 - -6. Let t = i - -15. Calculate the remainder when t is divided by 3.
1
Let w = 2 - 4. Suppose 4*x - 5*x + 24 = 0. Calculate the remainder when x is divided by (-25)/w - (-2)/4.
11
Suppose 0 = -13*g + 19*g - 252. What is the remainder when g is divided by 23?
19
Let u be (-1)/(-3) - 50/15. Let c be (-1)/u - 4/12. Suppose c*x = x - 12. What is the remainder when x is divided by 5?
2
Suppose -3*j + 15 = -0*j. Let x = 11 - 21. Let o = x + 23. Calculate the remainder when o is divided by j.
3
Let y be ((-18)/2)/3 - 1. Let v be ((-31)/y)/((-1)/4). Let x = v - -47. Calculate the remainder when x is divided by 6.
4
Let o = 1 + 1. Suppose -3*s + 40 = -0*b + 5*b, 2*s = o*b. Calculate the remainder when 17 is divided by s.
2
Suppose -4*b - 2*d + 67 = -3, b - d - 25 = 0. What is the remainder when 36 is divided by b?
16
Suppose 6 = 2*t + 2*q, 4*t - 9 + 5 = 4*q. Suppose -l + 5*l + 24 = h, 4*h = -3*l + 1. What is the remainder when h is divided by t?
0
Suppose 3*s = 95 + 304. What is the remainder when s is divided by 34?
31
Suppose 2*b - 3*a = -0 - 4, 4*b + 4*a = 32. Suppose -3*i = 2*x - 47, 5*x = -2*i + 33 + 13. What is the remainder when i is divided by (-2)/b*(1 + -11)?
3
Let v = 28 - 17. What is the remainder when 32 is divided by v?
10
Let r be ((-3)/9)/((-2)/12). Suppose 19 = -r*l + 59. What is the remainder when l is divided by 11?
9
Calculate the remainder when 2 - (2/(-2) + -48) is divided by 276/16 + (-9)/(-12).
15
Suppose -8 = -5*l + 17. Suppose 0 = -4*z - 8, 0*z = -5*h - z + 63. Calculate the remainder when (h/(-5))/((-6)/30) is divided by l.
3
Suppose 22 - 332 = -2*j. Suppose 5*v + 0 = j. What is the remainder when v is divided by 11?
9
Let r(k) = k**3 - 5*k**2 + 3*k - 4. Suppose -2*m + 85 = 21. What is the remainder when m is divided by r(5)?
10
Let l(x) be the first derivative of x**3/3 + 3*x**2 + 2*x - 1. Suppose 8 = w + w. Calculate the remainder when w is divided by l(-6).
0
Let v = 5 + -2. Calculate the remainder when 0 - (-21)/(v + 0) is divided by 1*((-2)/2 - -4).
1
Let r(d) = 2*d**2 + 7*d - 2. Suppose 32 = -58*s + 62*s. What is the remainder when r(-6) is divided by s?
4
Suppose 5*l - 11 = -4*t + 15, -3*t - 5*l + 22 = 0. What is the remainder when 13 is divided by t?
1
Let b be 4/6 + (-956)/12. What is the remainder when b/(-2) + (-4)/(-8) is divided by 14?
12
Let i(y) = y**3 + 5*y**2 - 5*y - 2. What is the remainder when i(-5) is divided by 12?
11
Let u = -2 - -59. Calculate the remainder when u is divided by 15.
12
Let t be (176/(-20))/((-1)/5). Suppose 10*y + t = 14*y. What is the remainder when 20 is divided by y?
9
Let i(y) = 2*y**2 - 4*y + 4. Let m be i(3). Let g(k) = k**3 - 10*k**2 + 6*k - 15. Calculate the remainder when g(m) is divided by 12.
9
Suppose 0 = 4*k - 108 - 96. Calculate the remainder when k is divided by 18.
15
Let z = -10 - -11. What is the remainder when 34 is divided by 1*(-3)/z + 21?
16
Suppose 7*a - 10*a = -9. What is the remainder when a is divided by (-2 - -1)*-1 - -1?
1
Let o(h) = h**3 + 11*h**2 - 5*h - 18. Calculate the remainder when 179 is divided by o(-11).
31
Let g(f) = -f + 13. What is the remainder when 24 is divided by g(0)?
11
Suppose -5*t + 92 = -4*o, -5*t + 76 = -o - 7. Suppose -2*j = 3*n - t, 0*j - 4*n = 2*j - 12. What is the remainder when 37 is divided by 178/j + 4/14?
11
Suppose c - 10 = 3. Let q = 5 + -3. Suppose -r = 2*f + f - 73, q*r + 104 = 4*f. What is the remainder when f is divided by c?
12
Let m(u) = u**3 + 11*u**2 - 13*u - 12. Let a be m(-12). Suppose o = -a*o + 2. What is the remainder when (-4 - -3)*(-4 - 0) is divided by o?
0
Let d be 0/((-3)/3*1). What is the remainder when d - (-116)/(5 - 3) is divided by 20?
18
Let b be ((-6)/8)/((-1)/(-24)). Let y = 16 - b. What is the remainder when y is divided by 18?
16
Let o = 10 + -3. Suppose -2*i + o*i = 75. What is the remainder when 58 is divided by i?
13
Let b(c) = c**3 + 8*c**2 + 2*c + 5. Let p be b(-8). Let k = -6 - p. Let d = 32 + -23. What is the remainder when d is divided by k?
4
Let o(b) = -6*b - 4. Let i(v) = -v**3 - 2*v**2 + 5*v - 1. Calculate the remainder when o(-4) is divided by i(-4).
9
Let l(q) = -q**3 + 9*q**2 + 2*q - 12. What is the remainder when 21 is divided by l(9)?
3
Let x = -10 + 34. What is the remainder when 71 is divided by x?
23
Suppose 2*m = -5*u + 7, 0*u + 4 = -4*u. Calculate the remainder when 15 is divided by m.
3
Suppose -2*w + 9 = 3*k - 11, -4*w = -16. Let o = -3 + k. Calculate the remainder when 27 is divided by 14*o*(-1)/(-1).
13
Let l be (-1)/(2/5)*2. Let i(h) = 4*h**3 - 9*h**2 + h + 1. Let t(f) = f**3 - f**2. Let m(z) = i(z) - 5*t(z). Calculate the remainder when m(l) is divided by 11.
10
Let s(u) = 3*u**2 + 2*u - 1. What is the remainder when s(2) is divided by (2 - 5) + 3 + 9?
6
Let t = 318 - 176. Calculate the remainder when t is divided by 29.
26
Let l(s) = -s**2 + 10*s - 5. Calculate the remainder when 37 is divided by l(4).
18
Suppose 0 = -17*b + 9*b + 200. What is the remainder when b is divided by 17?
8
Suppose y - 5*y = -3*c - 7, 52 = -3*c - 5*y. Let l = c - -22. Suppose -3*r - q + l = -1, 0 = -3*r - 2*q + 13. Calculate the remainder when 8 is divided by r.
3
Suppose -20 = -4*v - 4. Calculate the remainder when 8 is divided by (-1)/((-2)/v) + 3.
3
Suppose 0 = i - 8 + 5. Let s = -15 + 19. Suppose 30 = 5*h - 5*x, i*h - s*x + 3*x = 26. Calculate the remainder when 18 is divided by h.
8
Suppose 0 = 3*q - 3*n + n - 55, -4*q - 2*n = -92. Suppose 5*w - 398 - 17 = 0. What is the remainder when w is divided by q?
20
Suppose -p = -3, 5*f + 8 = -4*p + 35. Suppose f*d - 171 = y + 6, -3*d = 3*y - 165. Calculate the remainder when d is divided by 